{"id":18,"date":"2023-02-07T20:58:19","date_gmt":"2023-02-07T19:58:19","guid":{"rendered":"https:\/\/www.xn--psychotherapie-hlzl-56b.at\/?page_id=18"},"modified":"2023-04-26T21:15:37","modified_gmt":"2023-04-26T19:15:37","slug":"integrative-gestalttherapie","status":"publish","type":"page","link":"https:\/\/www.psychotherapie-h\u00f6lzl.at\/?page_id=18","title":{"rendered":"Integrative Gestalttherapie"},"content":{"rendered":"\n<p>Die Integrative Gestalttherapie geh\u00f6rt zu den humanistischen Therapieverfahren, die den Menschen als Einheit von K\u00f6rper, Geist und Seele sieht. Dabei werden \u201eoffene Gestalten\u201c, also offene Themen im Leben im Hier und Jetzt bearbeitet und integriert. Durch die Bearbeitung dieser \u201eoffenen Gestalten\u201c k\u00f6nnen verdeckte Ressourcen wieder zug\u00e4nglicher und lebbarer werden. Dabei arbeitet die Integrative Gestalttherapie neben der Gespr\u00e4chstherapie mit verschiedensten kreativen Methoden und ist dabei wahrnehmungs- und erlebnisorientiert.<\/p>\n\n\n\n<figure class=\"wp-block-image size-large\"><img loading=\"lazy\" decoding=\"async\" width=\"1024\" height=\"684\" src=\"https:\/\/www.psychotherapie-h\u00f6lzl.at\/wp-content\/uploads\/2023\/03\/annaportraitscdieSonne-04-1024x684.jpg\" alt=\"\" class=\"wp-image-102\" srcset=\"https:\/\/www.psychotherapie-h\u00f6lzl.at\/wp-content\/uploads\/2023\/03\/annaportraitscdieSonne-04-1024x684.jpg 1024w, https:\/\/www.psychotherapie-h\u00f6lzl.at\/wp-content\/uploads\/2023\/03\/annaportraitscdieSonne-04-300x200.jpg 300w, https:\/\/www.psychotherapie-h\u00f6lzl.at\/wp-content\/uploads\/2023\/03\/annaportraitscdieSonne-04-768x513.jpg 768w, https:\/\/www.psychotherapie-h\u00f6lzl.at\/wp-content\/uploads\/2023\/03\/annaportraitscdieSonne-04-1536x1026.jpg 1536w, https:\/\/www.psychotherapie-h\u00f6lzl.at\/wp-content\/uploads\/2023\/03\/annaportraitscdieSonne-04-2048x1367.jpg 2048w, https:\/\/www.psychotherapie-h\u00f6lzl.at\/wp-content\/uploads\/2023\/03\/annaportraitscdieSonne-04-1140x761.jpg 1140w\" sizes=\"auto, (max-width: 1024px) 100vw, 1024px\" \/><\/figure>\n","protected":false},"excerpt":{"rendered":"<p>Die Integrative Gestalttherapie geh\u00f6rt zu den humanistischen Therapieverfahren, die den Menschen als Einheit von K\u00f6rper, Geist und Seele sieht. Dabei werden \u201eoffene Gestalten\u201c, also offene Themen im Leben im Hier und Jetzt bearbeitet und integriert. Durch die Bearbeitung dieser \u201eoffenen Gestalten\u201c k\u00f6nnen verdeckte Ressourcen wieder zug\u00e4nglicher und lebbarer werden. Dabei arbeitet die Integrative Gestalttherapie neben der Gespr\u00e4chstherapie mit verschiedensten kreativen Methoden und ist dabei wahrnehmungs- und erlebnisorientiert.<\/p>\n","protected":false},"author":1,"featured_media":0,"parent":0,"menu_order":0,"comment_status":"closed","ping_status":"closed","template":"","meta":{"footnotes":""},"class_list":["post-18","page","type-page","status-publish","hentry"],"_links":{"self":[{"href":"https:\/\/www.psychotherapie-h\u00f6lzl.at\/index.php?rest_route=\/wp\/v2\/pages\/18","targetHints":{"allow":["GET"]}}],"collection":[{"href":"https:\/\/www.psychotherapie-h\u00f6lzl.at\/index.php?rest_route=\/wp\/v2\/pages"}],"about":[{"href":"https:\/\/www.psychotherapie-h\u00f6lzl.at\/index.php?rest_route=\/wp\/v2\/types\/page"}],"author":[{"embeddable":true,"href":"https:\/\/www.psychotherapie-h\u00f6lzl.at\/index.php?rest_route=\/wp\/v2\/users\/1"}],"replies":[{"embeddable":true,"href":"https:\/\/www.psychotherapie-h\u00f6lzl.at\/index.php?rest_route=%2Fwp%2Fv2%2Fcomments&post=18"}],"version-history":[{"count":3,"href":"https:\/\/www.psychotherapie-h\u00f6lzl.at\/index.php?rest_route=\/wp\/v2\/pages\/18\/revisions"}],"predecessor-version":[{"id":104,"href":"https:\/\/www.psychotherapie-h\u00f6lzl.at\/index.php?rest_route=\/wp\/v2\/pages\/18\/revisions\/104"}],"wp:attachment":[{"href":"https:\/\/www.psychotherapie-h\u00f6lzl.at\/index.php?rest_route=%2Fwp%2Fv2%2Fmedia&parent=18"}],"curies":[{"name":"wp","href":"https:\/\/api.w.org\/{rel}","templated":true}]}}