{"id":11,"date":"2023-02-07T20:58:05","date_gmt":"2023-02-07T19:58:05","guid":{"rendered":"https:\/\/www.xn--psychotherapie-hlzl-56b.at\/?page_id=11"},"modified":"2025-01-20T19:34:47","modified_gmt":"2025-01-20T18:34:47","slug":"front-page","status":"publish","type":"page","link":"https:\/\/www.psychotherapie-h\u00f6lzl.at\/","title":{"rendered":"Was ist Psychotherapie?"},"content":{"rendered":"\n<p>Psychotherapie ist ein Heilverfahren, das helfen kann seelisches Leid zu heilen oder zu lindern. Sie kann dabei unterst\u00fctzen, pers\u00f6nliche Lebenskrisen positiv zu bew\u00e4ltigen, sich selbst besser kennenzulernen oder unangenehme Verhaltensweisen zu ver\u00e4ndern. Psychotherapie bietet einen Ort, an dem ihre Sorgen ernst genommen werden und gemeinsam andere Sichtweisen auf Probleme m\u00f6glich sind.<\/p>\n\n\n\n<figure class=\"wp-block-image size-large\"><img loading=\"lazy\" decoding=\"async\" width=\"1024\" height=\"683\" src=\"https:\/\/www.psychotherapie-h\u00f6lzl.at\/wp-content\/uploads\/2023\/04\/annapraxiscdieSonne-03-1024x683.jpg\" alt=\"\" class=\"wp-image-122\" srcset=\"https:\/\/www.psychotherapie-h\u00f6lzl.at\/wp-content\/uploads\/2023\/04\/annapraxiscdieSonne-03-1024x683.jpg 1024w, https:\/\/www.psychotherapie-h\u00f6lzl.at\/wp-content\/uploads\/2023\/04\/annapraxiscdieSonne-03-300x200.jpg 300w, https:\/\/www.psychotherapie-h\u00f6lzl.at\/wp-content\/uploads\/2023\/04\/annapraxiscdieSonne-03-768x512.jpg 768w, https:\/\/www.psychotherapie-h\u00f6lzl.at\/wp-content\/uploads\/2023\/04\/annapraxiscdieSonne-03-1536x1024.jpg 1536w, https:\/\/www.psychotherapie-h\u00f6lzl.at\/wp-content\/uploads\/2023\/04\/annapraxiscdieSonne-03-2048x1365.jpg 2048w, https:\/\/www.psychotherapie-h\u00f6lzl.at\/wp-content\/uploads\/2023\/04\/annapraxiscdieSonne-03-1140x760.jpg 1140w\" sizes=\"auto, (max-width: 1024px) 100vw, 1024px\" \/><\/figure>\n\n\n\n<figure class=\"wp-block-image size-large\"><img loading=\"lazy\" decoding=\"async\" width=\"1024\" height=\"768\" src=\"https:\/\/www.psychotherapie-h\u00f6lzl.at\/wp-content\/uploads\/2025\/01\/4a174b74-ca60-45c9-9a1e-b611bdaf79f4-1024x768.jpeg\" alt=\"\" class=\"wp-image-139\" srcset=\"https:\/\/www.psychotherapie-h\u00f6lzl.at\/wp-content\/uploads\/2025\/01\/4a174b74-ca60-45c9-9a1e-b611bdaf79f4-1024x768.jpeg 1024w, https:\/\/www.psychotherapie-h\u00f6lzl.at\/wp-content\/uploads\/2025\/01\/4a174b74-ca60-45c9-9a1e-b611bdaf79f4-300x225.jpeg 300w, https:\/\/www.psychotherapie-h\u00f6lzl.at\/wp-content\/uploads\/2025\/01\/4a174b74-ca60-45c9-9a1e-b611bdaf79f4-768x576.jpeg 768w, https:\/\/www.psychotherapie-h\u00f6lzl.at\/wp-content\/uploads\/2025\/01\/4a174b74-ca60-45c9-9a1e-b611bdaf79f4-1536x1152.jpeg 1536w, https:\/\/www.psychotherapie-h\u00f6lzl.at\/wp-content\/uploads\/2025\/01\/4a174b74-ca60-45c9-9a1e-b611bdaf79f4-1140x855.jpeg 1140w, https:\/\/www.psychotherapie-h\u00f6lzl.at\/wp-content\/uploads\/2025\/01\/4a174b74-ca60-45c9-9a1e-b611bdaf79f4.jpeg 1600w\" sizes=\"auto, (max-width: 1024px) 100vw, 1024px\" \/><\/figure>\n","protected":false},"excerpt":{"rendered":"<p>Psychotherapie ist ein Heilverfahren, das helfen kann seelisches Leid zu heilen oder zu lindern. Sie kann dabei unterst\u00fctzen, pers\u00f6nliche Lebenskrisen positiv zu bew\u00e4ltigen, sich selbst besser kennenzulernen oder unangenehme Verhaltensweisen zu ver\u00e4ndern. Psychotherapie bietet einen Ort, an dem ihre Sorgen ernst genommen werden und gemeinsam andere Sichtweisen auf Probleme m\u00f6glich sind.<\/p>\n","protected":false},"author":1,"featured_media":0,"parent":0,"menu_order":0,"comment_status":"closed","ping_status":"closed","template":"","meta":{"footnotes":""},"class_list":["post-11","page","type-page","status-publish","hentry"],"_links":{"self":[{"href":"https:\/\/www.psychotherapie-h\u00f6lzl.at\/index.php?rest_route=\/wp\/v2\/pages\/11","targetHints":{"allow":["GET"]}}],"collection":[{"href":"https:\/\/www.psychotherapie-h\u00f6lzl.at\/index.php?rest_route=\/wp\/v2\/pages"}],"about":[{"href":"https:\/\/www.psychotherapie-h\u00f6lzl.at\/index.php?rest_route=\/wp\/v2\/types\/page"}],"author":[{"embeddable":true,"href":"https:\/\/www.psychotherapie-h\u00f6lzl.at\/index.php?rest_route=\/wp\/v2\/users\/1"}],"replies":[{"embeddable":true,"href":"https:\/\/www.psychotherapie-h\u00f6lzl.at\/index.php?rest_route=%2Fwp%2Fv2%2Fcomments&post=11"}],"version-history":[{"count":8,"href":"https:\/\/www.psychotherapie-h\u00f6lzl.at\/index.php?rest_route=\/wp\/v2\/pages\/11\/revisions"}],"predecessor-version":[{"id":140,"href":"https:\/\/www.psychotherapie-h\u00f6lzl.at\/index.php?rest_route=\/wp\/v2\/pages\/11\/revisions\/140"}],"wp:attachment":[{"href":"https:\/\/www.psychotherapie-h\u00f6lzl.at\/index.php?rest_route=%2Fwp%2Fv2%2Fmedia&parent=11"}],"curies":[{"name":"wp","href":"https:\/\/api.w.org\/{rel}","templated":true}]}}